?
23
What is the greatest common divisor of 431400 and 10?
10
Calculate the highest common divisor of 7767 and 99.
9
What is the highest common divisor of 11315 and 2201?
31
Calculate the highest common divisor of 2765 and 116920.
395
Calculate the greatest common divisor of 2452814 and 182.
182
Calculate the highest common divisor of 5291 and 39182.
143
What is the greatest common divisor of 73792 and 16?
16
What is the greatest common divisor of 376 and 108993?
47
What is the highest common factor of 1360573 and 284?
71
Calculate the highest common divisor of 18 and 6894.
18
Calculate the greatest common divisor of 12 and 374280.
12
What is the greatest common divisor of 1336 and 43754?
334
What is the greatest common divisor of 118 and 555190?
118
Calculate the highest common factor of 314198 and 127.
127
Calculate the greatest common divisor of 182069 and 97.
97
Calculate the highest common factor of 85380 and 100.
20
Calculate the greatest common factor of 17 and 42901.
1
What is the greatest common divisor of 593392 and 16?
16
Calculate the greatest common divisor of 17125 and 1750.
125
Calculate the greatest common factor of 88 and 338162.
22
What is the greatest common divisor of 3740 and 142868?
748
What is the highest common divisor of 35800 and 3222?
358
Calculate the greatest common factor of 66 and 768.
6
What is the highest common divisor of 3580 and 180?
20
Calculate the greatest common factor of 159 and 28567.
53
Calculate the greatest common factor of 47 and 107395.
47
What is the greatest common divisor of 124531 and 22?
11
What is the greatest common factor of 30 and 1151650?
10
Calculate the highest common factor of 6450456 and 48.
24
Calculate the greatest common divisor of 125656 and 2363.
139
Calculate the greatest common divisor of 99311 and 188.
47
Calculate the highest common divisor of 88 and 474100.
44
Calculate the greatest common factor of 190 and 246335.
95
What is the greatest common factor of 159592 and 8?
8
Calculate the highest common factor of 9503 and 31433.
731
What is the highest common factor of 2112 and 9840?
48
What is the highest common divisor of 5285115 and 44?
11
What is the highest common factor of 4693 and 1311?
19
What is the greatest common factor of 57625 and 922?
461
Calculate the highest common divisor of 220031 and 7259.
119
What is the greatest common factor of 3110 and 23?
1
What is the highest common factor of 8815 and 205?
205
What is the highest common divisor of 10 and 596?
2
Calculate the highest common factor of 11880 and 3430.
10
Calculate the greatest common factor of 570 and 177170.
10
What is the greatest common factor of 380 and 45448?
76
What is the greatest common divisor of 5 and 3111885?
5
What is the greatest common divisor of 302 and 6917008?
302
What is the greatest common divisor of 276 and 12588?
12
Calculate the highest common factor of 284490 and 3770.
290
Calculate the greatest common factor of 684 and 288.
36
Calculate the highest common factor of 2701 and 130499.
37
Calculate the highest common divisor of 18 and 54078.
6
Calculate the greatest common factor of 44 and 1964545.
11
What is the highest common divisor of 2247 and 8295?
21
What is the greatest common divisor of 9597 and 21?
21
Calculate the greatest common factor of 10 and 11508230.
10
Calculate the highest common divisor of 1246 and 109381.
89
Calculate the highest common factor of 2000 and 2680.
40
What is the highest common factor of 15 and 285819?
3
Calculate the greatest common divisor of 66133 and 7093.
41
What is the greatest common divisor of 255762 and 39?
39
Calculate the highest common factor of 74 and 74629.
37
What is the highest common divisor of 450769 and 473?
473
What is the greatest common divisor of 567 and 12432?
21
Calculate the highest common factor of 6497 and 6059.
73
Calculate the greatest common factor of 123 and 463341.
123
Calculate the greatest common factor of 40533 and 708.
177
Calculate the highest common divisor of 2817 and 3069.
9
Calculate the highest common factor of 657 and 136291.
73
What is the greatest common divisor of 20559 and 792?
33
Calculate the highest common factor of 362948 and 124.
124
What is the highest common divisor of 176073 and 57?
57
Calculate the greatest common factor of 80190 and 1298.
22
What is the greatest common factor of 30 and 4710?
30
Calculate the highest common divisor of 14 and 234983.
7
Calculate the greatest common divisor of 12209 and 1653.
29
What is the highest common factor of 1025 and 83599?
41
Calculate the greatest common factor of 7878 and 2106.
78
Calculate the greatest common divisor of 141743 and 35.
7
What is the greatest common divisor of 3339 and 65457?
63
Calculate the highest common factor of 186 and 745116.
186
Calculate the greatest common factor of 16 and 2410352.
16
What is the highest common factor of 137674 and 38?
38
Calculate the highest common divisor of 4936 and 88.
8
Calculate the highest common divisor of 1019 and 4235983.
1019
What is the highest common factor of 26917 and 737?
11
What is the highest common factor of 24667 and 677617?
1451
Calculate the highest common factor of 2241 and 209907.
747
What is the greatest common factor of 172881 and 27?
27
Calculate the greatest common divisor of 167115 and 468.
39
What is the highest common divisor of 37956 and 60?
12
Calculate the highest common divisor of 1572712 and 2336.
584
Calculate the highest common divisor of 60352 and 4.
4
What is the highest common factor of 16 and 96176?
16
What is the highest common factor of 9807 and 1617?
21
Calculate the greatest common factor of 33418 and 847.
77
What is the greatest common divisor of 312 and 1136252?
52
Calculate the highest common factor of 102 and 305014.
34
What is the greatest common divisor of 671782 and 1532?
766
What is the greatest common divisor of 31 and 7632913?
31
What is the greatest common factor of 16 and 61578?
2
What is the highest common divisor of 455 and 14035?
35
Calculate the greatest common divisor of 29619 and 621.
27
Calculate the highest common divisor of 14398 and 184.
46
What is the greatest common divisor of 10 and 71090?
10
What is the highest common divisor of 1320550 and 77?
77
Calculate the highest common divisor of 81 and 158724.
9
Calculate the highest common factor of 306 and 834802.
34
Calculate the highest common divisor of 188 and 29610.
94
Calculate the greatest common divisor of 30096 and 165.
33
What is the highest common divisor of 12772612 and 268?
268
What is the greatest common factor of 71747 and 65?
13
Calculate the greatest common factor of 279132 and 112.
28
Calculate the highest common factor of 42 and 37282.
14
Calculate the highest common divisor of 2972 and 743.
743
What is the greatest common factor of 297 and 2619?
27
What is the greatest common factor of 35 and 5747?
7
What is the highest common factor of 32153 and 18249?
869
Calculate the highest common factor of 4860 and 207.
9
What is the greatest common divisor of 6578 and 88?
22
Calculate the highest common factor of 638 and 252967.
319
What is the greatest common factor of 235 and 50305?
5
What is the greatest common divisor of 98928 and 1176?
24
What is the highest common factor of 3172 and 3224?
52
Calculate the highest common factor of 31241 and 77.
7
What is the greatest common divisor of 4 and 1327240?
4
What is the highest common divisor of 60588 and 108?
108
What is the greatest common factor of 68115 and 9?
3
What is the highest common factor of 1568 and 175000?
56
What is the greatest common factor of 2216952 and 16?
8
What is the highest common divisor of 554 and 22?
2
Calculate the highest common divisor of 102 and 1887.
51
Calculate the greatest common factor of 24695 and 13255.
55
What is the highest common factor of 261806 and 869?
79
What is the greatest common divisor of 23714 and 2272?
142
Calculate the greatest common divisor of 371 and 4963.
7
What is the highest common factor of 5462921 and 281?
281
Calculate the highest common factor of 111 and 83953.
37
What is the highest common divisor of 6272 and 52?
4
What is the highest common factor of 234 and 1241019?
117
Calculate the highest common divisor of 5512 and 19448.
104
Calculate the greatest common factor of 135 an